{"id":297,"date":"2022-03-30T18:31:49","date_gmt":"2022-03-30T18:31:49","guid":{"rendered":"https:\/\/reseaumarpbf.net\/?page_id=297"},"modified":"2025-11-11T14:29:05","modified_gmt":"2025-11-11T14:29:05","slug":"nos-rapports","status":"publish","type":"page","link":"https:\/\/reseaumarpbf.net\/?page_id=297","title":{"rendered":"Nos rapports"},"content":{"rendered":"<p><a href=\"https:\/\/reseaumarpbf.net\/wp-content\/uploads\/2022\/03\/Rapport-annuel-activites-2015-Reseau-MARP.pdf\">Rapport annuel activit\u00e9s 2015 R\u00e9seau MARP<\/a><\/p>\n<p><a href=\"https:\/\/reseaumarpbf.net\/wp-content\/uploads\/2022\/03\/Rapport-annuel-activites-2016-Reseau-MARP.pdf\">Rapport annuel activit\u00e9s 2016 R\u00e9seau MARP<\/a><\/p>\n<p><a href=\"https:\/\/reseaumarpbf.net\/wp-content\/uploads\/2022\/03\/Rapport-annuel-activites-2017-Reseau-MARP.pdf\">Rapport annuel activit\u00e9s 2017 R\u00e9seau MARP<\/a><\/p>\n<p><a href=\"https:\/\/reseaumarpbf.net\/wp-content\/uploads\/2022\/03\/Rapport-annuel-activites-2018-Reseau-MARP.pdf\">Rapport annuel activit\u00e9s 2018 R\u00e9seau MARP<\/a><\/p>\n<p><a href=\"https:\/\/reseaumarpbf.net\/wp-content\/uploads\/2022\/03\/Rapport-annuel-activites-2019-Reseau-MARP.pdf\">Rapport annuel activit\u00e9s 2019 R\u00e9seau MARP<\/a><\/p>\n<p><a href=\"https:\/\/reseaumarpbf.net\/wp-content\/uploads\/2022\/03\/Rapport-annuel-activites-2021-Reseau-MARP.pdf\">Rapport annuel activit\u00e9s 2021 R\u00e9seau MARP<\/a><\/p>\n<p><a href=\"https:\/\/reseaumarpbf.net\/wp-content\/uploads\/2025\/11\/RAPPORT-ANNUEL_2022-RESEAU-MARP.pdf\">Rapport annuel activit\u00e9s 2022 R\u00e9seau MARP<\/a><\/p>\n<p><a href=\"https:\/\/reseaumarpbf.net\/wp-content\/uploads\/2025\/11\/RAPPORT-ANNUEL_2023-RESEAU-MARP.pdf\">Rapport annuel activit\u00e9s 2023 R\u00e9seau MARP<\/a><\/p>\n<p><a href=\"https:\/\/reseaumarpbf.net\/wp-content\/uploads\/2025\/11\/RAPPORT-ANNUEL_2024-RESEAU-MARP.pdf\">Rapport annuel activit\u00e9s 2024 R\u00e9seau MARP<\/a><\/p>\n","protected":false},"excerpt":{"rendered":"<p>Rapport annuel activit\u00e9s 2015 R\u00e9seau MARP Rapport annuel activit\u00e9s 2016 R\u00e9seau MARP Rapport annuel activit\u00e9s 2017 R\u00e9seau MARP Rapport annuel &hellip; <\/p>\n","protected":false},"author":2,"featured_media":0,"parent":0,"menu_order":0,"comment_status":"closed","ping_status":"closed","template":"","meta":{"footnotes":""},"class_list":["post-297","page","type-page","status-publish","hentry"],"yoast_head":"<!-- This site is optimized with the Yoast SEO plugin v24.9 - https:\/\/yoast.com\/wordpress\/plugins\/seo\/ -->\n<title>Nos rapports - RESEAU MARP Burkina<\/title>\n<meta name=\"robots\" content=\"index, follow, max-snippet:-1, max-image-preview:large, max-video-preview:-1\" \/>\n<link rel=\"canonical\" href=\"https:\/\/reseaumarpbf.net\/?page_id=297\" \/>\n<meta property=\"og:locale\" content=\"fr_FR\" \/>\n<meta property=\"og:type\" content=\"article\" \/>\n<meta property=\"og:title\" content=\"Nos rapports - RESEAU MARP Burkina\" \/>\n<meta property=\"og:description\" content=\"Rapport annuel activit\u00e9s 2015 R\u00e9seau MARP Rapport annuel activit\u00e9s 2016 R\u00e9seau MARP Rapport annuel activit\u00e9s 2017 R\u00e9seau MARP Rapport annuel &hellip;\" \/>\n<meta property=\"og:url\" content=\"https:\/\/reseaumarpbf.net\/?page_id=297\" \/>\n<meta property=\"og:site_name\" content=\"RESEAU MARP Burkina\" \/>\n<meta property=\"article:modified_time\" content=\"2025-11-11T14:29:05+00:00\" \/>\n<meta name=\"twitter:label1\" content=\"Dur\u00e9e de lecture estim\u00e9e\" \/>\n\t<meta name=\"twitter:data1\" content=\"1 minute\" \/>\n<script type=\"application\/ld+json\" class=\"yoast-schema-graph\">{\"@context\":\"https:\/\/schema.org\",\"@graph\":[{\"@type\":\"WebPage\",\"@id\":\"https:\/\/reseaumarpbf.net\/?page_id=297\",\"url\":\"https:\/\/reseaumarpbf.net\/?page_id=297\",\"name\":\"Nos rapports - RESEAU MARP Burkina\",\"isPartOf\":{\"@id\":\"https:\/\/reseaumarpbf.net\/#website\"},\"datePublished\":\"2022-03-30T18:31:49+00:00\",\"dateModified\":\"2025-11-11T14:29:05+00:00\",\"inLanguage\":\"fr-FR\",\"potentialAction\":[{\"@type\":\"ReadAction\",\"target\":[\"https:\/\/reseaumarpbf.net\/?page_id=297\"]}]},{\"@type\":\"WebSite\",\"@id\":\"https:\/\/reseaumarpbf.net\/#website\",\"url\":\"https:\/\/reseaumarpbf.net\/\",\"name\":\"RESEAU MARP Burkina\",\"description\":\"\",\"potentialAction\":[{\"@type\":\"SearchAction\",\"target\":{\"@type\":\"EntryPoint\",\"urlTemplate\":\"https:\/\/reseaumarpbf.net\/?s={search_term_string}\"},\"query-input\":{\"@type\":\"PropertyValueSpecification\",\"valueRequired\":true,\"valueName\":\"search_term_string\"}}],\"inLanguage\":\"fr-FR\"}]}<\/script>\n<!-- \/ Yoast SEO plugin. -->","yoast_head_json":{"title":"Nos rapports - RESEAU MARP Burkina","robots":{"index":"index","follow":"follow","max-snippet":"max-snippet:-1","max-image-preview":"max-image-preview:large","max-video-preview":"max-video-preview:-1"},"canonical":"https:\/\/reseaumarpbf.net\/?page_id=297","og_locale":"fr_FR","og_type":"article","og_title":"Nos rapports - RESEAU MARP Burkina","og_description":"Rapport annuel activit\u00e9s 2015 R\u00e9seau MARP Rapport annuel activit\u00e9s 2016 R\u00e9seau MARP Rapport annuel activit\u00e9s 2017 R\u00e9seau MARP Rapport annuel &hellip;","og_url":"https:\/\/reseaumarpbf.net\/?page_id=297","og_site_name":"RESEAU MARP Burkina","article_modified_time":"2025-11-11T14:29:05+00:00","twitter_misc":{"Dur\u00e9e de lecture estim\u00e9e":"1 minute"},"schema":{"@context":"https:\/\/schema.org","@graph":[{"@type":"WebPage","@id":"https:\/\/reseaumarpbf.net\/?page_id=297","url":"https:\/\/reseaumarpbf.net\/?page_id=297","name":"Nos rapports - RESEAU MARP Burkina","isPartOf":{"@id":"https:\/\/reseaumarpbf.net\/#website"},"datePublished":"2022-03-30T18:31:49+00:00","dateModified":"2025-11-11T14:29:05+00:00","inLanguage":"fr-FR","potentialAction":[{"@type":"ReadAction","target":["https:\/\/reseaumarpbf.net\/?page_id=297"]}]},{"@type":"WebSite","@id":"https:\/\/reseaumarpbf.net\/#website","url":"https:\/\/reseaumarpbf.net\/","name":"RESEAU MARP Burkina","description":"","potentialAction":[{"@type":"SearchAction","target":{"@type":"EntryPoint","urlTemplate":"https:\/\/reseaumarpbf.net\/?s={search_term_string}"},"query-input":{"@type":"PropertyValueSpecification","valueRequired":true,"valueName":"search_term_string"}}],"inLanguage":"fr-FR"}]}},"_links":{"self":[{"href":"https:\/\/reseaumarpbf.net\/index.php?rest_route=\/wp\/v2\/pages\/297","targetHints":{"allow":["GET"]}}],"collection":[{"href":"https:\/\/reseaumarpbf.net\/index.php?rest_route=\/wp\/v2\/pages"}],"about":[{"href":"https:\/\/reseaumarpbf.net\/index.php?rest_route=\/wp\/v2\/types\/page"}],"author":[{"embeddable":true,"href":"https:\/\/reseaumarpbf.net\/index.php?rest_route=\/wp\/v2\/users\/2"}],"replies":[{"embeddable":true,"href":"https:\/\/reseaumarpbf.net\/index.php?rest_route=%2Fwp%2Fv2%2Fcomments&post=297"}],"version-history":[{"count":6,"href":"https:\/\/reseaumarpbf.net\/index.php?rest_route=\/wp\/v2\/pages\/297\/revisions"}],"predecessor-version":[{"id":422,"href":"https:\/\/reseaumarpbf.net\/index.php?rest_route=\/wp\/v2\/pages\/297\/revisions\/422"}],"wp:attachment":[{"href":"https:\/\/reseaumarpbf.net\/index.php?rest_route=%2Fwp%2Fv2%2Fmedia&parent=297"}],"curies":[{"name":"wp","href":"https:\/\/api.w.org\/{rel}","templated":true}]}}