{"id":63,"date":"2021-09-17T11:51:15","date_gmt":"2021-09-17T10:51:15","guid":{"rendered":"https:\/\/reseaumarpbf.net\/?page_id=63"},"modified":"2022-03-02T11:24:13","modified_gmt":"2022-03-02T11:24:13","slug":"champs-daction","status":"publish","type":"page","link":"https:\/\/reseaumarpbf.net\/?page_id=63","title":{"rendered":"Champs d\u2019action"},"content":{"rendered":"<p>Les domaines d\u2019action du\u00a0 R\u00e9seau MARP Burkina sont:<\/p>\n<ul>\n<li>Renforcement des capacit\u00e9s des acteurs sur les approches participatives<\/li>\n<\/ul>\n<ul>\n<li>Etudes\u00a0 et recherches actions participatives<\/li>\n<li>Gestion de Projets et programmes participatifs li\u00e9s \u00e0 (i) la s\u00e9curit\u00e9 alimentaire, (ii) la gestion des ressources naturelles et le changement climatique, (iii) la d\u00e9centralisation, (iv) la formation et le r\u00e9seautage des paysans innovateurs, (v) la promotion de la Micro finance, (vi) la gestion des risques de catastrophes<\/li>\n<li>Promotion de l\u2019approche genre et le d\u00e9veloppement participatif communautaire<\/li>\n<li><span style=\"font-size: 1.125rem;\">Promotion des innovations paysannes, des technologies, des r\u00e9sultats scientifiques en partenariat<\/span><\/li>\n<li>Capitalisations et diffusion des bonnes pratiques de d\u00e9veloppement participatif durable<\/li>\n<li>Appui\/accompagnement de Projets\/Programmes, Associations locales, ONG, collectivit\u00e9s locales, Communaut\u00e9s, etc.<\/li>\n<\/ul>\n","protected":false},"excerpt":{"rendered":"<p>Les domaines d\u2019action du\u00a0 R\u00e9seau MARP Burkina sont: Renforcement des capacit\u00e9s des acteurs sur les approches participatives Etudes\u00a0 et recherches &hellip; <\/p>\n","protected":false},"author":1,"featured_media":0,"parent":0,"menu_order":0,"comment_status":"closed","ping_status":"closed","template":"","meta":{"footnotes":""},"class_list":["post-63","page","type-page","status-publish","hentry"],"yoast_head":"<!-- This site is optimized with the Yoast SEO plugin v24.9 - https:\/\/yoast.com\/wordpress\/plugins\/seo\/ -->\n<title>Champs d\u2019action - RESEAU MARP Burkina<\/title>\n<meta name=\"robots\" content=\"index, follow, max-snippet:-1, max-image-preview:large, max-video-preview:-1\" \/>\n<link rel=\"canonical\" href=\"https:\/\/reseaumarpbf.net\/?page_id=63\" \/>\n<meta property=\"og:locale\" content=\"fr_FR\" \/>\n<meta property=\"og:type\" content=\"article\" \/>\n<meta property=\"og:title\" content=\"Champs d\u2019action - RESEAU MARP Burkina\" \/>\n<meta property=\"og:description\" content=\"Les domaines d\u2019action du\u00a0 R\u00e9seau MARP Burkina sont: Renforcement des capacit\u00e9s des acteurs sur les approches participatives Etudes\u00a0 et recherches &hellip;\" \/>\n<meta property=\"og:url\" content=\"https:\/\/reseaumarpbf.net\/?page_id=63\" \/>\n<meta property=\"og:site_name\" content=\"RESEAU MARP Burkina\" \/>\n<meta property=\"article:modified_time\" content=\"2022-03-02T11:24:13+00:00\" \/>\n<meta name=\"twitter:label1\" content=\"Dur\u00e9e de lecture estim\u00e9e\" \/>\n\t<meta name=\"twitter:data1\" content=\"1 minute\" \/>\n<script type=\"application\/ld+json\" class=\"yoast-schema-graph\">{\"@context\":\"https:\/\/schema.org\",\"@graph\":[{\"@type\":\"WebPage\",\"@id\":\"https:\/\/reseaumarpbf.net\/?page_id=63\",\"url\":\"https:\/\/reseaumarpbf.net\/?page_id=63\",\"name\":\"Champs d\u2019action - RESEAU MARP Burkina\",\"isPartOf\":{\"@id\":\"https:\/\/reseaumarpbf.net\/#website\"},\"datePublished\":\"2021-09-17T10:51:15+00:00\",\"dateModified\":\"2022-03-02T11:24:13+00:00\",\"inLanguage\":\"fr-FR\",\"potentialAction\":[{\"@type\":\"ReadAction\",\"target\":[\"https:\/\/reseaumarpbf.net\/?page_id=63\"]}]},{\"@type\":\"WebSite\",\"@id\":\"https:\/\/reseaumarpbf.net\/#website\",\"url\":\"https:\/\/reseaumarpbf.net\/\",\"name\":\"RESEAU MARP Burkina\",\"description\":\"\",\"potentialAction\":[{\"@type\":\"SearchAction\",\"target\":{\"@type\":\"EntryPoint\",\"urlTemplate\":\"https:\/\/reseaumarpbf.net\/?s={search_term_string}\"},\"query-input\":{\"@type\":\"PropertyValueSpecification\",\"valueRequired\":true,\"valueName\":\"search_term_string\"}}],\"inLanguage\":\"fr-FR\"}]}<\/script>\n<!-- \/ Yoast SEO plugin. -->","yoast_head_json":{"title":"Champs d\u2019action - RESEAU MARP Burkina","robots":{"index":"index","follow":"follow","max-snippet":"max-snippet:-1","max-image-preview":"max-image-preview:large","max-video-preview":"max-video-preview:-1"},"canonical":"https:\/\/reseaumarpbf.net\/?page_id=63","og_locale":"fr_FR","og_type":"article","og_title":"Champs d\u2019action - RESEAU MARP Burkina","og_description":"Les domaines d\u2019action du\u00a0 R\u00e9seau MARP Burkina sont: Renforcement des capacit\u00e9s des acteurs sur les approches participatives Etudes\u00a0 et recherches &hellip;","og_url":"https:\/\/reseaumarpbf.net\/?page_id=63","og_site_name":"RESEAU MARP Burkina","article_modified_time":"2022-03-02T11:24:13+00:00","twitter_misc":{"Dur\u00e9e de lecture estim\u00e9e":"1 minute"},"schema":{"@context":"https:\/\/schema.org","@graph":[{"@type":"WebPage","@id":"https:\/\/reseaumarpbf.net\/?page_id=63","url":"https:\/\/reseaumarpbf.net\/?page_id=63","name":"Champs d\u2019action - RESEAU MARP Burkina","isPartOf":{"@id":"https:\/\/reseaumarpbf.net\/#website"},"datePublished":"2021-09-17T10:51:15+00:00","dateModified":"2022-03-02T11:24:13+00:00","inLanguage":"fr-FR","potentialAction":[{"@type":"ReadAction","target":["https:\/\/reseaumarpbf.net\/?page_id=63"]}]},{"@type":"WebSite","@id":"https:\/\/reseaumarpbf.net\/#website","url":"https:\/\/reseaumarpbf.net\/","name":"RESEAU MARP Burkina","description":"","potentialAction":[{"@type":"SearchAction","target":{"@type":"EntryPoint","urlTemplate":"https:\/\/reseaumarpbf.net\/?s={search_term_string}"},"query-input":{"@type":"PropertyValueSpecification","valueRequired":true,"valueName":"search_term_string"}}],"inLanguage":"fr-FR"}]}},"_links":{"self":[{"href":"https:\/\/reseaumarpbf.net\/index.php?rest_route=\/wp\/v2\/pages\/63","targetHints":{"allow":["GET"]}}],"collection":[{"href":"https:\/\/reseaumarpbf.net\/index.php?rest_route=\/wp\/v2\/pages"}],"about":[{"href":"https:\/\/reseaumarpbf.net\/index.php?rest_route=\/wp\/v2\/types\/page"}],"author":[{"embeddable":true,"href":"https:\/\/reseaumarpbf.net\/index.php?rest_route=\/wp\/v2\/users\/1"}],"replies":[{"embeddable":true,"href":"https:\/\/reseaumarpbf.net\/index.php?rest_route=%2Fwp%2Fv2%2Fcomments&post=63"}],"version-history":[{"count":3,"href":"https:\/\/reseaumarpbf.net\/index.php?rest_route=\/wp\/v2\/pages\/63\/revisions"}],"predecessor-version":[{"id":283,"href":"https:\/\/reseaumarpbf.net\/index.php?rest_route=\/wp\/v2\/pages\/63\/revisions\/283"}],"wp:attachment":[{"href":"https:\/\/reseaumarpbf.net\/index.php?rest_route=%2Fwp%2Fv2%2Fmedia&parent=63"}],"curies":[{"name":"wp","href":"https:\/\/api.w.org\/{rel}","templated":true}]}}